9*q + 2137. What is l(2)?
-1
Let g(b) = -7*b**2 - 35*b + 189. Determine g(7).
-399
Let j(g) = 2*g**3 + 11*g**2 + 24*g + 106. Calculate j(-6).
-74
Let h(a) = 2*a + 144. Calculate h(-29).
86
Let c(i) = 2*i**3 + 25*i**2 - 9*i + 58. Determine c(-10).
648
Let z(g) = 5*g - 421. Give z(-35).
-596
Let k(u) = 101*u + 194. Determine k(-3).
-109
Let r(p) = p**3 - 7*p**2 - 111*p + 592. Determine r(5).
-13
Let w(z) = 11*z**3 - 14*z - 19. What is w(-2)?
-79
Let p(o) = 13*o + 8. Give p(-3).
-31
Let x(l) = 32*l + 69. Calculate x(0).
69
Let z(t) = -t**3 - 4*t**2 + 8*t + 15. What is z(-3)?
-18
Let b(i) = 214*i - 1714. Calculate b(8).
-2
Let v(s) = 85*s + 9272. Determine v(-109).
7
Let b(h) = -h**3 - 23*h**2 - 95*h - 1643. Determine b(-22).
-37
Let t(d) = -d**3 + 66*d**2 - 8*d + 467. Determine t(66).
-61
Let t(v) = -8030*v + 8028. What is t(1)?
-2
Let d(k) = -12*k - 189. What is d(-51)?
423
Let x(n) = -186*n**2 + 1671*n + 22. Calculate x(9).
-5
Let r(u) = 8*u**2 - 622*u - 148. Give r(78).
8
Let k(v) = -2*v**3 + 2*v**2 + 6*v + 97. Give k(5).
-73
Let y(z) = 6*z**2 + 194*z + 243. Give y(-31).
-5
Let a(x) = 83*x - 8455. Calculate a(102).
11
Let w(f) = 1722*f + 32736. Calculate w(-19).
18
Let n(u) = -2*u**3 + 102*u**2 - 5*u + 259. What is n(51)?
4
Let o(t) = 105*t + 4019. Determine o(-39).
-76
Let q(r) = -3*r**3 - 42*r**2 + 35*r + 942. What is q(-13)?
-20
Let u(a) = 19*a - 765. Determine u(40).
-5
Let m(k) = 15*k**2 - 377*k - 79. What is m(25)?
-129
Let r(a) = -16*a + 163. What is r(9)?
19
Let j(q) = -8*q**2 - 216*q + 17. Calculate j(-27).
17
Let y(h) = 144*h**2 + 582*h + 13. What is y(-4)?
-11
Let k(h) = 4*h**2 - 14*h + 24. Calculate k(2).
12
Let u(v) = 776*v - 4685. Determine u(6).
-29
Let k(t) = -t**3 - 19*t**2 - 4*t - 109. Give k(-19).
-33
Let v(z) = -z**3 - 101*z**2 + 6196*z + 581. Calculate v(-144).
5
Let v(l) = -45*l**2 + 31*l + 235. What is v(-2)?
-7
Let v(h) = 91*h**2 + 39*h - 39. Calculate v(1).
91
Let f(x) = 4*x**3 - x**2 + 10*x - 23. Determine f(3).
106
Let u(j) = -217*j + 1992. Give u(9).
39
Let j(y) = y**2 + 13*y + 30. What is j(7)?
170
Let k(d) = d**2 - 637*d - 5177. Calculate k(-8).
-17
Let z(q) = -2*q**3 - 19*q**2 + 32*q + 391. Give z(-8).
-57
Let z(v) = -195*v - 19267. What is z(-99)?
38
Let k(p) = -6*p**2 + 33*p + 401. What is k(-7)?
-124
Let x(o) = -2*o**3 + 44*o**2 - 6*o + 18. Calculate x(22).
-114
Let q(z) = z**2 - 202*z - 11996. Give q(-48).
4
Let v(z) = 3*z**2 - 39*z + 48. Determine v(12).
12
Let p(d) = -2*d**3 + 129*d**2 - 52*d - 750. Determine p(64).
18
Let o(j) = 1044*j + 2035. Calculate o(-2).
-53
Let i(v) = -4*v + 26. Give i(10).
-14
Let b(t) = 32*t + 39. What is b(2)?
103
Let g(p) = -511*p - 3483. What is g(-6)?
-417
Let j(u) = -u**3 + 120*u**2 - 2759*u - 3. Determine j(89).
-3
Let q(y) = -2*y**2 + 1441*y + 41910. What is q(-28)?
-6
Let l(p) = -2*p**2 + 18*p + 288. Determine l(19).
-92
Let j(a) = -2*a**2 + 10*a + 3. What is j(-7)?
-165
Let h(i) = i**3 - 75*i**2 + 551*i - 136. Give h(8).
-16
Let k(s) = 11*s**2 - 616*s + 1850. What is k(3)?
101
Let i(c) = -907*c + 42636. What is i(47)?
7
Let k(t) = 2*t**3 + 3*t**2 + 841*t - 1702. Give k(2).
8
Let v(l) = -153*l - 1103. Determine v(-7).
-32
Let k(h) = h**3 - 19*h**2 - 23*h + 24. Calculate k(20).
-36
Let o(s) = 11*s**3 - 15*s**2 - 5*s + 11. Determine o(2).
29
Let k(d) = 2*d**3 - 27*d**2 + 28*d - 1093. Give k(15).
2
Let a(g) = g**3 - 33*g**2 + 32*g + 44. What is a(32)?
44
Let m(k) = k**2 - 223*k + 5063. Give m(26).
-59
Let f(m) = -m**3 - 23*m**2 - 37*m + 127. Give f(-21).
22
Let q(x) = 15*x**2 - 1213*x - 182. What is q(81)?
-20
Let s(m) = -m**3 + 16*m**2 - 9*m + 84. Determine s(15).
174
Let m(s) = -s**3 - s**2 + 9*s + 145. Calculate m(0).
145
Let p(b) = 2154*b + 10702. What is p(-5)?
-68
Let n(g) = -26*g + 113. Determine n(4).
9
Let g(f) = f**3 - 34*f**2 - 27*f + 3715. Calculate g(31).
-5
Let o(a) = a**3 - 5*a**2 - 7*a - 30. What is o(7)?
19
Let q(w) = 9*w**2 + 5*w - 4. What is q(-2)?
22
Let t(q) = -2*q**3 - 63*q**2 - 420*q - 47. What is t(-9)?
88
Let t(q) = -214*q - 137. Give t(-1).
77
Let s(n) = -328*n - 9136. Give s(-28).
48
Let w(z) = -z**3 + 14*z**2 + 209*z - 50. Calculate w(23).
-4
Let h(z) = -3*z**3 - 314*z**2 + 105*z - 21. Calculate h(-105).
-21
Let b(x) = 4*x**3 - 16*x**2 - x - 102. Determine b(8).
914
Let s(u) = 2*u**2 + 108*u - 1907. What is s(-68)?
-3
Let w(x) = 18*x**2 + 122*x - 8. Give w(-7).
20
Let a(l) = -l**2 + 43*l - 245. Give a(7).
7
Let r(h) = 314*h + 5946. What is r(-19)?
-20
Let d(f) = 3*f - 73. What is d(8)?
-49
Let w(n) = -n**2 - 34*n + 962. Give w(19).
-45
Let r(b) = 2*b**3 - 4*b**2 - 2*b + 6. Calculate r(0).
6
Let w(h) = -h**3 - 157*h**2 + 1669*h + 17. Calculate w(10).
7
Let h(k) = -4*k + 217. What is h(-11)?
261
Let r(w) = -w**3 - 33*w**2 + 72*w - 48. Determine r(-35).
-118
Let x(k) = 104*k + 926. Give x(-9).
-10
Let v(y) = 8*y**2 + 137*y - 152. Determine v(-20).
308
Let g(w) = -w**2 - 47*w + 2520. Determine g(32).
-8
Let l(q) = -q**2 - 45*q + 191. Calculate l(-37).
487
Let z(l) = -67*l - 605. Give z(-9).
-2
Let z(f) = 297*f - 3854. Determine z(13).
7
Let m(p) = p**2 - 92*p - 4128. Determine m(-33).
-3
Let k(o) = 6*o**2 - 12*o - 4. Calculate k(-6).
284
Let f(w) = -2335*w + 74725. Determine f(32).
5
Let y(k) = 196*k**2 + 2347*k - 56. What is y(-12)?
4
Let o(j) = -180*j + 2350. Give o(13).
10
Let b(p) = p**3 - 4*p**2 - 23*p + 19. Give b(7).
5
Let j(a) = 6*a**2 - 2*a - 10. What is j(4)?
78
Let l(a) = -20*a**3 + 161*a**2 + 101*a - 866. What is l(8)?
6
Let x(l) = l**2 + 565*l + 8243. What is x(-15)?
-7
Let u(t) = 3*t**2 + 16*t + 164. Calculate u(-7).
199
Let g(z) = -15*z + 314. Give g(22).
-16
Let t(a) = 4*a + 251. Determine t(-62).
3
Let x(a) = -100*a**2 - 300*a + 6. Determine x(-3).
6
Let w(h) = -8*h**2 + 643*h - 235. Determine w(80).
5
Let a(l) = 125*l - 20448. What is a(163)?
-73
Let d(j) = j**3 - 18*j**2 + j + 210. What is d(17)?
-62
Let j(v) = 9*v**2 - 785*v + 180. What is j(87)?
6
Let c(n) = 4*n + 15. Determine c(54).
231
Let s(x) = 11*x**2 - 8*x + 29. What is s(-6)?
473
Let i(b) = 21*b**3 + 4*b**2 - 4*b + 3. Give i(2).
179
Let j(h) = 5*h**2 - 103*h - 21. Determine j(20).
-81
Let s(h) = -4*h**2 - 133*h - 604. Give s(-27).
71
Let u(b) = b**2 + 392*b - 1172. Give u(3).
13
Let r(n) = -8*n**2 + 32*n + 79. Give r(-3).
-89
Let q(h) = h**3 + 5*h**2 - 8*h + 16. What is q(-6)?
28
Let d(q) = -391*q - 2748. Determine d(-7).
-11
Let c(a) = 2*a**2 - 250*a + 3188. Determine c(111).
80
Let k(d) = -3*d**2 - 21*d - 57. What is k(-7)?
-57
Let t(h) = 1777*h + 19547. Give t(-11).
0
Let o(u) = 267*u - 552. Determine o(2).
-18
Let k(o) = o**3 + 14*o**2 + 14*o + 15. What is k(-13)?
2
Let m(k) = 713*k + 8558. What is m(-12)?
2
Let n(o) = 96*o**2 + 1249*o + 9. What is n(-13)?
-4
Let c(u) = -5*u**2 - 202*u + 3126. Calculate c(12).
-18
Let m(n) = 19*n + 109. What is m(-4)?
33
Let t(p) = 78*p - 112. What is t(2)?
44
Let n(q) = 4*q**2 + 7*q - 78. What is n(7)?
167
Let j(r) = -r**2 + 2*r - 8. Calculate j(-8).
-88
Let n(o) = -15*o + 91. Give n(20).
-209
Let w(z) = 58*z**3 + z**2 - 20*z - 21. What is w(-1)?
-58
Let b(n) = n**2 - 183*n - 17072. What is b(251)?
-4
Let t(z) = -z**3 + 7*z**2 - 11*z + 20. What is t(7)?
-57
Let v(r) = -2*r - 267. Give v(-34).
-199
Let t(w) = 7*w - 209. Calculate t(29).
-6
Let i(y) = -y**3 - 6*y**2 + 8*y + 22. What is i(-4)?
-42
Let c(d) = d**2 + 44*d - 229. What is c(5)?
16
Let b(v) = -v**3 - 27*v**2 - 111*v + 347. Give b(-8).
19
Let z(l) = -59*l - 323. Determine z(-6).
31
Let y(a) = -a**2 + 45*a - 595. What is y(29)?
-131
Let p(g) = g**2 - 103*g + 2241. Give p(31).
9
Let v(a) = 22*a - 85. Give v(4).
3
Let y(f) = 29*f - 202. Calculate y(9).
59
Let z(w) = 23*w**2 - 24*w - 1. Calculate z(1).
-2
Let k(j) = j**3 + 102*j**2 - 999*j - 9. Calculate k(-111).
-9
Let k(i) = -i**2 - 119*i + 4116. Give k(28).
0
Let d(m) = 307*m + 3137. What is d(-10)?
67
Let g(j) = j**3 - j**2 - 47*j - 13. Determine g(9).
212
Let b(i) = -42*i + 227. Give b(8).
-109
Let y(u) = -76*u + 23172. Calculate y(305).
-8
Let p(f) = -f**3 + 20*f**2 + 9. What is p(20)?
9
Let y(r) = r**2 + 60*r + 650. Determine y(-46).
6
Let x(s) = s**3 + 8*s**2 + 201*s + 1361. Calculate x(-7).
3
Let l(d) = -327*d - 2891. What is l(-9)?
52
Let x(g) = -5*g + 184. What is x(38)?
-6
Let d(z) = 2*z**2 - 1011*z + 5010. Determi